{"id":896,"date":"2025-12-10T21:47:09","date_gmt":"2025-12-10T21:47:09","guid":{"rendered":"https:\/\/esenciacosmetica.com\/?post_type=product&#038;p=896"},"modified":"2025-12-11T00:16:23","modified_gmt":"2025-12-11T00:16:23","slug":"menta-chocolate","status":"publish","type":"product","link":"https:\/\/esenciacosmetica.com\/?product=menta-chocolate","title":{"rendered":"Menta &#038; Chocolate"},"content":{"rendered":"<p class=\"p1\"><strong>BENEFICIOS<\/strong><\/p>\n<p class=\"p2\"><strong>Aceite esencial de Menta:<\/strong> Es astringente, limpia a profundidad, regula la inflamaci\u00f3n y equilibra la grasa de nuestro rostro.<\/p>\n<p class=\"p2\"><strong>Es antibacteriano.<\/strong><\/p>\n<p class=\"p2\"><strong>Manteca de Cacao:<\/strong> Potente humectante de la piel. Pieles maltratadas o resecas, ayuda r\u00e1pidamente a humectar la piel.<\/p>\n<p class=\"p2\"><strong>Aceite de Almendras:<\/strong> Previene la aparici\u00f3n de estr\u00edas. Efecto anti-inflamatorio.<\/p>\n<p class=\"p2\"><strong>Suaviza las arrugas<\/strong>, hidratante facial.<\/p>\n<p class=\"p1\"><strong>Aromaterapia.<\/strong><\/p>\n<p class=\"p1\"><strong>Composici\u00f3n:<\/strong><\/p>\n<p class=\"p1\">Glicerina Vegetal<\/p>\n<p class=\"p1\">Aceite esencial de menta<\/p>\n<p class=\"p1\">Manteca de cacao<\/p>\n<p class=\"p1\">Aceite de almendras<\/p>\n","protected":false},"excerpt":{"rendered":"<p>BENEFICIOS Aceite esencial de Menta: Es astringente, limpia a profundidad, regula la inflamaci\u00f3n y equilibra la grasa de nuestro rostro. Es antibacteriano. Manteca de Cacao: Potente humectante de la piel. Pieles maltratadas o resecas, ayuda r\u00e1pidamente a humectar la piel. Aceite de Almendras: Previene la aparici\u00f3n de estr\u00edas. Efecto anti-inflamatorio. Suaviza las arrugas, hidratante facial. [&hellip;]<\/p>\n","protected":false},"featured_media":0,"template":"","meta":[],"product_brand":[],"product_cat":[70],"product_tag":[],"class_list":{"0":"post-896","1":"product","2":"type-product","3":"status-publish","5":"product_cat-jabon-cara-y-cuerpo","7":"first","8":"instock","9":"shipping-taxable","10":"purchasable","11":"product-type-simple"},"jetpack_sharing_enabled":true,"_links":{"self":[{"href":"https:\/\/esenciacosmetica.com\/index.php?rest_route=\/wp\/v2\/product\/896","targetHints":{"allow":["GET"]}}],"collection":[{"href":"https:\/\/esenciacosmetica.com\/index.php?rest_route=\/wp\/v2\/product"}],"about":[{"href":"https:\/\/esenciacosmetica.com\/index.php?rest_route=\/wp\/v2\/types\/product"}],"wp:attachment":[{"href":"https:\/\/esenciacosmetica.com\/index.php?rest_route=%2Fwp%2Fv2%2Fmedia&parent=896"}],"wp:term":[{"taxonomy":"product_brand","embeddable":true,"href":"https:\/\/esenciacosmetica.com\/index.php?rest_route=%2Fwp%2Fv2%2Fproduct_brand&post=896"},{"taxonomy":"product_cat","embeddable":true,"href":"https:\/\/esenciacosmetica.com\/index.php?rest_route=%2Fwp%2Fv2%2Fproduct_cat&post=896"},{"taxonomy":"product_tag","embeddable":true,"href":"https:\/\/esenciacosmetica.com\/index.php?rest_route=%2Fwp%2Fv2%2Fproduct_tag&post=896"}],"curies":[{"name":"wp","href":"https:\/\/api.w.org\/{rel}","templated":true}]}}